s r(x)?
0
Let y = -20712 + 20714. Let w(o) = 21*o - 37. What is w(y)?
5
Suppose 0*p = 2*p + 108. Let w = 65 + p. Let x(v) = w + 6*v**2 - v**3 + v - 18 + 9 + 6*v. Calculate x(7).
2
Let u(q) = 94 + 102 + 41*q**2 + q**3 - 295 + 100 - 45*q**2. Calculate u(3).
-8
Suppose -202*v - 2400 = -212*v. Suppose v*s - 230*s = -20. Let d(m) = -2*m - 4. Let z(i) = -i - 1. Let c(a) = -d(a) + 4*z(a). Calculate c(s).
4
Let m = 27 - 26. Suppose -m = 2*r + 5*t, 1 = -3*t + 4*t. Let z(b) be the first derivative of -b**4/4 - 4*b**3/3 - b**2/2 + 4*b - 71. Give z(r).
-2
Let v(n) = 4*n - 8. Let j(f) = -17*f - 31. Let p(w) = -31*w - 63. Let b(o) = -11*j(o) + 6*p(o). Let r be b(33). Give v(r).
-24
Let f(l) = 21*l + 107. Let g be f(-5). Let h(y) = 4 - 686*y + g + 687*y + 0. What is h(-5)?
1
Let t(d) = -3*d**2 + 81*d + 64. Let a(m) = -m**2 + 36*m + 31. Let v(s) = -5*a(s) + 2*t(s). Determine v(-16).
5
Let s(i) = -i**3 + 13*i**2 - 28*i + 197. Let b be s(12). Suppose 4*j - 23 + 31 = 2*t, 5*t - 10 = b*j. Let q(k) = 5*k**3 + 2*k**2 + 2*k - 1. Give q(j).
-37
Let g(k) = -4*k + 0 - 1 - 11*k + 6*k. Let i(p) = -p**3 - p**2 - 1. Let d be i(0). Determine g(d).
8
Let f be 1/(-2) - 0 - 209/(-22). Let z(l) be the second derivative of -l**4/12 + 5*l**3/3 - 13*l**2/2 + 13*l + 2. Give z(f).
-4
Suppose 6*q = 3*q + 9. Let t(b) = -15*b - 10. Let l(v) = 15*v + 7. Let i(a) = q*l(a) + 2*t(a). Determine i(1).
16
Let r(m) = m**3 + 3*m**2 + 3*m. Suppose 120*i + 160 = 124*i. Let l be (i/(-25))/((-2)/(-5)). Calculate r(l).
-28
Let i be (3/2)/((-230)/(-26) - 4/(-26)). Let r(b) be the second derivative of 26*b + 0 + 3*b**2 - i*b**3. What is r(4)?
2
Let y = 54351 + -54356. Let m(x) be the second derivative of -x**5/120 - x**4/12 - x**3/6 + x. Let c(j) be the second derivative of m(j). Calculate c(y).
3
Suppose 0 = -50*u + 142*u + 736. Let z(w) = w + 8. Calculate z(u).
0
Let i(p) = 6*p**3 + 7*p**2 + 2*p - 1. Let k be i(-1). Let b(n) = -8*n**2 - 2*n. Calculate b(k).
-28
Let y(p) be the third derivative of p**4/24 - 7*p**3/6 - 284*p**2. Let b be ((-54)/(-30))/((-2)/(-10)). Determine y(b).
2
Let f(j) = -j**3 - 5*j - 2. Let v(y) = -y**3 + 5*y**2 + 20*y + 8. Let o(h) = -3*f(h) - v(h). Calculate o(-2).
-44
Let b = 649 - 647. Let j(d) = 2*d**3 + 5 + 11*d + 114*d**b - d**3 - 4*d - 108*d**2. Give j(-4).
9
Let v(w) = -8*w + 18. Let o(b) = -9*b + 17. Let z(x) = -4*o(x) + 5*v(x). Let n be z(5). Let a(f) = -f**2 + 4*f - n + 4 + 2*f - 4*f. Calculate a(3).
-1
Let o(v) = v + v**3 + 0*v**3 - 30*v**2 - 1 + 31*v**2. Let d be o(-1). Let x(g) = 3*g**2 - 3*g - 3. Calculate x(d).
15
Let d(a) = a + 2. Let c be d(-5). Let k be 5/((-1)/(1 - 2)) - (-19 + 32). Let p = k - c. Let g(t) = t - 2. Determine g(p).
-7
Let r = 132 - 130. Suppose -r*g = -7 - 3. Let x(f) = f**3 - 5*f**2 - 2*f - 5. What is x(g)?
-15
Let p(r) = r**3 - r**2 - 12*r - 7. Let z be (-330)/45*(-24)/44. Calculate p(z).
-7
Let d(f) = 13*f - 6. Let s be (-1 + 2)/((40/8)/(-1165)). Let a = s + 237. Give d(a).
46
Let i(m) = -m**3 - 6*m**2 + 2*m + 9. Let b be i(-6). Let o be (1 + -1)*(b - 40/(-12)). Suppose o = 3*w - 47 + 47. Let q(j) = -j**2 - 6. Determine q(w).
-6
Suppose 3*t = 2*t - 1. Let f(j) = -2054 - 3*j + 2052 + 1279*j**3 - 1275*j**3. Determine f(t).
-3
Let z(m) = m**2 + 17*m - 24. Let b be z(-18). Suppose -2*w = -6, -4*w + 26 + 21 = 5*x. Let i(n) = -2*n - 2 + n - n**2 - x*n - 3. What is i(b)?
7
Let f be (-3 - 3) + (-121)/(-11). Let s(h) = -4*h - h - 18 - f + 9. Determine s(-4).
6
Let z(r) be the third derivative of r**5/60 + r**4/12 - 7*r**3/6 - r**2. Let h(b) = -2*b**2 + 12*b - 5. Let a be h(5). Suppose a*l + 14 = -16. Determine z(l).
17
Let v(j) = -j**2 - 6*j - 6. Suppose 5*c - c + 14 = r, c = 5*r - 13. Determine v(c).
3
Let r(u) = 26*u - 4*u + 29*u + 11 - 48*u. Give r(1).
14
Let w be (0/(-3))/(-1)*3/(-30)*-5. Let x(i) be the second derivative of -i**3/6 + 11*i**2 + 8*i. What is x(w)?
22
Let g(t) = -t**3 - 14*t**2 + 18*t + 20. Let c be (-2548)/196 + ((-4)/6)/((-1)/(-3)). Calculate g(c).
-25
Let a(z) = -z - 26. Let l(x) = 4*x + 78. Let u(n) = 10*a(n) + 3*l(n). Let r be u(9). Let o(m) = m**3 + 7*m**2 - 8*m + 3. Calculate o(r).
3
Let y(d) = -d**2 - 2*d + 8. Let f(c) = c**2 - c - 6. Let u(n) = n**2 - 6. Let i(v) = -3*f(v) + 4*u(v). Let s(q) = -4*i(q) - 3*y(q). Calculate s(-6).
0
Let w(z) = 291 - 149 - 15*z - 143. Suppose -4*n = -0 + 4. Determine w(n).
14
Let g(z) = -3*z + 1. Suppose 98 = 3*a - 5*p, 27 = a - 2*p + 6*p. Let h = 25 - a. Determine g(h).
19
Let j(c) = -c**3 - 6*c**2 - 2*c - 4. Let k be j(-6). Let b = k - 13. Let t(p) be the first derivative of -p**3/3 - 5*p**2/2 + 6*p + 1265. Give t(b).
6
Let g(s) = 6*s**2 + 6138 + 2*s**3 + s - 6132 - 3*s**3. Calculate g(6).
12
Let n(v) = -16*v**2 - 3 - 3*v - 18*v**2 - 16*v**2 + 51*v**2 - v**3 - v. What is n(-2)?
17
Let z(a) = 3*a**3 - 2*a**2. Let m(y) = 5*y**3 - 9*y**2 - 4*y - 1. Let k(p) = -m(p) + 5*z(p). Calculate k(-2).
-91
Let g(m) = -m**3 - m**2 + m - 20. Let f(o) = -o**2 - 6*o + 109. Let b be f(-14). Determine g(b).
-5
Let o = 199 - 199. Suppose 2*k - 23 = -5*y, -y + 2*k + 7 + 0 = o. Let r(h) = h + 2. Give r(y).
7
Suppose a - 9 = 2*a. Let g(x) = -1 - 82*x**2 - 82*x**2 + 165*x**2 + 5*x. Let b(p) = -p**2 - 6*p - 1. Let r(v) = 6*b(v) + 5*g(v). What is r(a)?
7
Let p(g) = g**2 + 7*g - 1. Let z = 125 - 120. Suppose 3*b + t - 4 = z*t, -4*b - 3*t = -22. Suppose -3*m = 6, -b*h - 2*m - 18 = -5*m. Determine p(h).
-7
Let z(w) = -18*w + 16*w**2 - 45*w**2 + 17*w**2 + 10 + 7 + 13*w**2. Give z(17).
0
Let d(j) = -j**3 + 11*j**2 - 4*j - 4. Let a(g) = 1324*g - 2637. Let l be a(2). Determine d(l).
-48
Let u(c) be the third derivative of c**5/5 - c**3/3 - 698*c**2 - 2*c. Determine u(-2).
46
Let t be 88/(-9) - (2 + 144/(-81)). Let f be (6/4)/(25/t + 3). Let q(g) = -3*g + 4. What is q(f)?
-5
Let h be (3 - -1 - 140/20)*(-2 - -1). Let c(f) be the second derivative of 0 + 0*f**2 + 16*f + 1/6*f**h. Determine c(-5).
-5
Let x(c) = 5*c - 20. Let i be x(5). Let o(p) = -16 + p**2 + 0*p + 3*p - 9 + i*p + 15. What is o(-8)?
-10
Suppose -l + 9 = 2. Let i(f) = -f**2 + 7*f + 10. Let j be i(l). Let m(k) = -12*k + 0 - 3 + j*k. What is m(-7)?
11
Let t(b) be the first derivative of b**4/4 - 10*b**3/3 + 21*b**2/2 + 14*b + 1281. Give t(7).
14
Suppose -3*q + 8 = -442. Let v = 149 - q. Let y(o) = -4*o. Let g(l) = -3*l. Let c(h) = 3*g(h) - 2*y(h). Calculate c(v).
1
Let k(l) be the second derivative of l**3/3 - l**2 + 2*l - 1. Suppose -q + 6 = -7*b + 4*b, 5*q + 15 = 0. Determine k(b).
-8
Let h(b) = 2*b**2 - 53*b - 59. Let l be h(28). Let i(d) = d - 21. Determine i(l).
4
Let y(l) = -5*l + 3. Let c be ((-1 - -1) + -2)*2. Let k(d) be the third derivative of d**4/24 + d**3/6 - 288*d**2. Let m(x) = c*k(x) - y(x). Determine m(4).
-3
Let p(k) = -2*k**2 + 3*k + 37. Let b(v) = v**2 - 2*v - 16. Let q(z) = -5*b(z) - 3*p(z). Determine q(4).
-11
Let g(h) = -5*h**2 - 4*h - 47. Let j(v) = 3*v**2 + 3*v + 29. Let z(m) = 5*g(m) + 8*j(m). Let q be ((-3)/(-9))/(2/18). Give z(q).
0
Let u(x) be the first derivative of x - 5/3*x**3 + 0*x**2 - 46. Determine u(-1).
-4
Let t(s) = s**3 - 12*s**2 + 11*s + 1. Let d be (-1)/(-8) - 1/8. Suppose d = -4*z + 4*f + 44, 2*f - 53 = -5*z + 2. Give t(z).
1
Let n(m) = 11*m**2 - 12*m - 11. Let x(i) = 2*i**2 - 1. Let p(b) = n(b) - 5*x(b). Calculate p(7).
-41
Let y(l) = -3973*l**3 + 2*l**2 - l**2 + 2 + 8*l + 0 - 3*l**2 + 3968*l**3. Let v(c) = -c**2 - 2 + 2 + c**3. Let k(t) = -4*v(t) - y(t). Calculate k(-7).
5
Let y(g) be the second derivative of -g**5/10 + g**4/12 - g**3/6 + 5*g**2/2 - 2*g - 17. Calculate y(4).
-111
Let q be (-9)/(54/(-42))*1. Let i(l) = l**2 - 2*l - 24. Give i(q).
11
Let d(j) = j - 35. Let a(u) = u**2 - u - 9. Let v be a(6). Determine d(v).
-14
Let l(t) be the second derivative of t**5/20 - t**4 - 7*t**3/6 + 21*t**2/2 + 1422*t. Determine l(12).
-63
Let m(b) be the first derivative of b**4/4 + 8*b**3/3 + 3*b**2 - 6*b - 2. Let a = 179 + -179. Suppose 10*k - 48 + 118 = a. Determine m(k).
1
Suppose 18 = -0*x + x. Suppose 4*t = 2*t - 5*k - 30, -x = 2*t - k. Let c(g) be the first derivative of -g**2/2 + 510. What is c(t)?
10
Suppose 2 = d - 2, 0 = 5*m - d - 26. Let g(n) = n**3 + 2*n + 1. Let z(j) = 4*j**3 - 7*j**2 + 13*j - 3. Let w(u) = -3*g(u) + z(u). Calculate w(m).
0
Suppose -52*q = -144*q + 552. Suppose 6*l - 3*j - 12 = 2*l, 5*j - 9 =